*3 - 3*s**2 - s + 1. Let h be w(-3). Let d = h + -2. What is the units digit of d?
6
Let v(t) = -t**3 + 10*t**2 - 11*t + 15. Let c be v(6). Let n = -14 + c. What is the units digit of n?
9
Let m be (-4)/3*18/12. Let u be ((-1)/((-1)/(-6)))/m. Suppose 45 = u*x - 5*p, 54 = 3*x - 0*p - 2*p. What is the tens digit of x?
2
Let f(q) = q**3 - q**2 + q. Let d be f(0). Suppose 4 + d = h. Suppose -150 = -4*y + y - c, -h*c = y - 61. What is the tens digit of y?
4
Let y(j) = j**3 - 51*j**2 - 126*j + 41. What is the tens digit of y(54)?
8
Let h = 724 + 2658. What is the tens digit of h?
8
Let n = 180 - 106. What is the units digit of n - -1*(0 - -1)*1?
5
Let u(m) be the second derivative of m**3/6 - m**2/2 + 10*m. Let k be u(-7). Let x = -3 - k. What is the units digit of x?
5
Let c be (-142)/(-10) - 12/60. What is the units digit of (-2904)/(-56) + 2/c?
2
Suppose 3536 = -7*r + 20*r. What is the tens digit of r?
7
What is the thousands digit of (-64 - -1)/(1005/63 + -16)?
1
Let q(t) = 1052*t - 55. What is the units digit of q(5)?
5
What is the thousands digit of 80/60*3*(380 + -3)?
1
Suppose -3*v + 15 + 0 = 0. Suppose f - v*f = 0. Suppose f*l + 3*q = 2*l - 70, 3*l - 116 = -q. What is the tens digit of l?
3
Let a(n) = n**2 - 8*n - 12. Let h be a(14). Suppose 4*q + 1 = 3*y - 0*y, 0 = -q + 5*y - 13. What is the tens digit of -1 + h/2 - q?
3
Let j(t) = -4*t - 6. Suppose -3*w - 3*h = w + 22, -4*h + 12 = -5*w. What is the tens digit of j(w)?
1
Let a = 290 + -137. Suppose -3*l + 5*k + a = 0, k = l - 0*k - 53. Let o = -36 + l. What is the units digit of o?
0
What is the units digit of 1 - (-1055)/6 - 20/(-120)?
7
Let p = 61 + -42. Suppose 5*y - 30 = -5*g, 4*y + g - 2*g - p = 0. Suppose 0 = y*a - 10*a + 145. What is the tens digit of a?
2
Suppose -2*c + 7 = 1. Suppose -3*z + 102 = 3*q - 6, 5*z - c*q - 172 = 0. Let v = 72 - z. What is the units digit of v?
7
Suppose 0 = -2*q - 2*q. Suppose -124 = -4*k + 5*s, q*k = -k + 5*s + 16. Suppose 5*d - 184 = k. What is the units digit of d?
4
Let m be (289 - 3) + (0 - -4) + -2. Let i = -159 + m. What is the units digit of i?
9
Suppose -4*y - 6*y = 30. What is the hundreds digit of (y - 2)*423/(-15)?
1
Let v(p) = p**2 - p + 8. Let b be v(0). Suppose -9*m + 10 = -b*m. What is the units digit of m?
0
Let o(p) = p**2 - 30*p - 15. Let m be o(18). Let q = m + 332. What is the hundreds digit of q?
1
Suppose 0 = -2*h + 368 + 320. What is the hundreds digit of h?
3
Suppose -12*y + 8*y = -864. What is the units digit of y?
6
Suppose -247 - 1937 = -4*s. What is the units digit of s?
6
Let g be 12582/63 + (-4)/(-14). Suppose g = 3*d + d. Let a = d + -14. What is the units digit of a?
6
What is the tens digit of ((-978)/(-4) - (-13)/(-26)) + 5?
4
Suppose 0 = -5*k + 5*o - 3 - 7, -3*o + 10 = -k. Suppose -2*r + z - 5 = -3*r, 4*r = k*z - 10. Let g(d) = d**2 + d + 22. What is the units digit of g(r)?
2
Let s(d) = 58*d**3 - 2*d**2 + 7*d - 21. Let z be s(-5). What is the tens digit of z/(-84) + 6*(-2)/(-28)?
8
Suppose 0 = -319*f + 320*f - 541. What is the units digit of f?
1
Suppose -4*f = -2*f - 208. Let n be 16/f - 4/26. Suppose n*o + 120 = 3*o. What is the tens digit of o?
4
Let n(d) = -269*d - 633. What is the units digit of n(-20)?
7
Let q(i) = i**2 + 6*i - 35. Let c be q(-8). Suppose 2 = -v, -z + 3*v = 10 - 3. Let k = z - c. What is the units digit of k?
6
Let t(f) = 16*f**2 + f + 5. Let z be 2 - 8/(-2)*-1. What is the units digit of t(z)?
7
Suppose 3*u + 31 = 7. Let k(f) = -f**3 - 9*f**2 - 8*f + 4. Let q be k(u). Suppose 2*x = -q*o - x + 24, -4*o + 24 = 2*x. What is the units digit of o?
6
Let b(d) = 171 + d**2 - 64*d + 127*d - 60*d. What is the units digit of b(0)?
1
Let v(s) = 6*s**2 - 3*s + 2. Let z be v(4). Let f = 181 - z. Suppose 0 = 3*x - 8*x + f. What is the tens digit of x?
1
Let r = 21 + -19. Suppose 118 = r*x - p + 4*p, 0 = -2*x - 5*p + 114. What is the units digit of x?
2
Let v be -1*(-5 + (-770)/5). Suppose 4*g - 177 - v = -2*r, -3*g = -3. What is the units digit of r?
6
Let t = 38 - -25. Let i = t - -41. What is the units digit of i?
4
Let g = -4 + 1. Let b be (1 + -2)/(g/105). Suppose -6*s = -s - b. What is the units digit of s?
7
Let f(v) = 33*v**2 - 7*v - 24. What is the thousands digit of f(-6)?
1
Suppose 12*k = -k + 4108. What is the units digit of k?
6
Let y = 13 + -11. Suppose 0 = y*k - k - 2. What is the tens digit of (-26 + k)/((-6)/4)?
1
Let z(y) = -9*y**3 - 9*y**2 - 10*y - 5. What is the tens digit of z(-4)?
6
Suppose 0 = 2*w + 2*h - 374, -4*w - 3*h + 0*h + 747 = 0. Let a = w + -112. What is the tens digit of a?
7
Suppose 3*h = -2*x + 23, h - 4*x + 6 = -5. Let f(p) = -3*p**2 + 9*p + 6 - 2*p**2 + 4*p**2. What is the tens digit of f(h)?
2
Let i(b) = 42*b**2 + 4*b - 25. What is the tens digit of i(4)?
6
Let x(m) be the third derivative of -5*m**4/12 - 2*m**3 - 11*m**2. What is the tens digit of x(-6)?
4
Suppose 5*k - 14 = -4*l, -2*k + l + 1 = -2*l. Suppose 0 = k*t - 2 - 4. Suppose t*v - 61 = 4*b, -3*b - 121 = -5*v - 6*b. What is the tens digit of v?
2
Let q(m) be the first derivative of 3*m**2 + 3*m - 1/3*m**3 + 1. What is the units digit of q(4)?
1
Suppose 0 = 4*q - 18*q + 8862. Let a = q - 404. What is the units digit of a?
9
Suppose -230 = -7*n + 2*n. Suppose -182 = -4*l + n. What is the units digit of l?
7
Suppose 4*p = -0*p - 10*q + 5016, 2*q + 1272 = p. What is the hundreds digit of p?
2
Suppose 2*f - l - 2209 = 0, 5525 = 5*f - 0*f - 5*l. What is the units digit of f?
4
Suppose 18*h = 20*h - 2*o - 930, 5*h - 2298 = -4*o. What is the hundreds digit of h?
4
Let n be 1 - 0 - (-1096)/8. What is the hundreds digit of (n/(-10) + -3)/((-1)/10)?
1
Let z(w) = -3*w - 60. Let h be z(-23). Suppose -h*k + 6*k = -141. What is the tens digit of k?
4
What is the units digit of 5/(-1) - -580 - 9?
6
Suppose -2*b = -71 - 77. Let g = -3 - -7. Suppose 330 = g*x + b. What is the tens digit of x?
6
Suppose 72*z - 269740 + 49420 = 0. What is the units digit of z?
0
Let d = -60 - -88. Let q(u) = -u - 3. Let o be q(-5). Suppose o*j - 3*j + d = 0. What is the tens digit of j?
2
Suppose 0*k - 5*x + 569 = 4*k, -2*k - 2*x = -284. Let a(p) = -2*p**3 + 4*p**2 - p - 4. Let v be a(-3). Let q = k - v. What is the tens digit of q?
5
Let w(y) = y - 7. Let i be w(0). Let a = 9 + i. Let k = a + 7. What is the units digit of k?
9
Let h(d) = -d**3 + 16*d**2 - 30*d + 17. What is the tens digit of h(12)?
3
Let g = 4 - -10. Suppose 4*l - 2*c - g = 0, 3*l + 3*c + 2 = 2*c. What is the units digit of l?
1
Let w(d) = -2*d**2 - 99*d + 136. What is the tens digit of w(-41)?
3
Suppose 4*n - 2*a - 2*a = 0, 0 = -4*a. Suppose -3*r - 2*r = n. Suppose r = 2*l - 10 - 42. What is the units digit of l?
6
What is the hundreds digit of (36 - 64)*(-17)/1*2?
9
Let a = 12 - 7. Suppose -i + 24 = 2*i - 5*q, 0 = i - 5*q - 8. Suppose 3*n + i = a*n. What is the units digit of n?
4
Suppose -20 = -z - 0*z - 5*a, z - a = 2. Suppose 0*n - 2*n - 64 = -2*p, 4*n = -z*p + 205. What is the tens digit of p?
3
Let p be ((-2)/6)/((-3)/(-18)). What is the units digit of (62 - (-4)/(-4)) + p?
9
Let v be (4/4)/(4/8). Suppose -v*i - 21 = 3*l - 0*l, l = 2*i + 33. Let u = 16 - i. What is the tens digit of u?
3
Suppose 269 - 21 = 2*g + 5*z, -4*g + 2*z = -544. Let q = -96 + g. What is the tens digit of q?
3
Suppose -55 + 576 = 3*k - 4*m, 2*m = -2*k + 352. What is the hundreds digit of k?
1
Let v be 16 - (1 - (-12)/(-3)). Let z = 4 - v. What is the tens digit of (12/(-9))/(2/z)?
1
Let n be -3 + -2 - (2 - 1). What is the hundreds digit of 3/n*(-6 - 220)?
1
Let g(t) = -t**3 - 2*t**2 + 13*t + 7. Suppose 0 = -2*w - 1 + 5, 0 = -2*m + 2*w. Suppose 4*b = 4*r + 36, -m*b = -3*b + 4. What is the tens digit of g(r)?
1
Let u(o) = -3*o - 39. Let q be u(-13). Suppose 3*i + 2*i - 570 = q. What is the units digit of i?
4
Suppose -w - 3*x = -56 + 22, -3 = -x. Let y = w + 84. What is the tens digit of y?
0
Suppose 2*n + 4*u - 112 = -2*n, 2*n - u = 56. Suppose -2*b - 341 = -5*t, 0 = -t - 3*b + n + 47. What is the tens digit of t?
6
Let x be -21 - ((5 - 1) + -7). Let y = -10 + 60. Let r = y + x. What is the tens digit of r?
3
Let c(b) be the third derivative of 2/3*b**3 - b**2 + 7/24*b**4 + 0*b - 1/60*b**5 + 0. What is the units digit of c(6)?
0
What is the thousands digit of (-5 - -58)*53 - 1?
2
Let l be (-4 - -1